{"id":38,"date":"2021-02-01T13:56:33","date_gmt":"2021-02-01T12:56:33","guid":{"rendered":"http:\/\/www.alzv.be\/?page_id=38"},"modified":"2025-08-21T18:50:31","modified_gmt":"2025-08-21T16:50:31","slug":"zwemschool","status":"publish","type":"page","link":"https:\/\/www.alzv.be\/index.php\/zwemschool\/","title":{"rendered":"Zwemschool"},"content":{"rendered":"\n<p>Kinderen starten vanaf de leeftijd van 5 jaar in de&nbsp;zwemschool. Ze starten met watergewenning en doorlopen 6 groepen tot ze de drie genormeerde zwemstijlen beheersen (borstcrawl, rugslag en schoolslag). Daarna kan het kind ervoor kiezen zijn traject verder te zetten in de&nbsp;<a href=\"http:\/\/www.alzv.be\/index.php\/competitie\/\" data-type=\"page\" data-id=\"39\">competitieafdeling<\/a>&nbsp;of als <a href=\"http:\/\/www.alzv.be\/index.php\/recreatie\/\" data-type=\"page\" data-id=\"41\">recreatieve zwemmer<\/a>.<\/p>\n\n\n\n<p>De zwemschool heeft twee afdelingen: \u00e9\u00e9n in Londerzeel en \u00e9\u00e9n in Meise . <\/p>\n\n\n\n<p><strong><span style=\"text-decoration: underline;\">OPGEPAST<\/span><\/strong>: inschrijven kan <strong>enkel<\/strong> via de webformulieren hieronder!<\/p>\n\n\n\n<div class=\"wp-block-columns is-layout-flex wp-container-core-columns-is-layout-28f84493 wp-block-columns-is-layout-flex\">\n<div class=\"wp-block-column is-layout-flow wp-block-column-is-layout-flow\">\n<h3 class=\"wp-block-heading\">Londerzeel<\/h3>\n\n\n\n<p>Start van het seizoen:<\/p>\n\n\n\n<ul class=\"wp-block-list\">\n<li>Dinsdag 16\/9: testles\u00a0nieuwe zwemmers<\/li>\n\n\n\n<li>Zaterdag 20\/9: eerste zwemles<\/li>\n<\/ul>\n\n\n\n<p>De lessen gaan door in <a href=\"https:\/\/www.sportoase.be\/nl\/de-lijster\">Sportoase &#8220;De Lijster&#8221;<\/a> te Londerzeel, op onderstaande momenten:<\/p>\n\n\n\n<ul class=\"wp-block-list\">\n<li>dinsdag 18u &#8211; 19u<\/li>\n\n\n\n<li>zaterdag 17u &#8211; 18u<\/li>\n<\/ul>\n<\/div>\n\n\n\n<div class=\"wp-block-column is-layout-flow wp-block-column-is-layout-flow\">\n<h3 class=\"wp-block-heading\">Meise<\/h3>\n\n\n\n<p>Start van het seizoen:<\/p>\n\n\n\n<ul class=\"wp-block-list\">\n<li>Maandag 8\/9: testles nieuwe zwemmers<\/li>\n\n\n\n<li>Zaterdag 13\/9: eerste zwemles<\/li>\n<\/ul>\n\n\n\n<p>De lessen gaan door in <a href=\"https:\/\/www.meise.be\/thema\/2625\/zwembad-de-wauwer\">zwembad &#8220;De Wauwer&#8221;<\/a> te Meise, op onderstaande momenten:<\/p>\n\n\n\n<ul class=\"wp-block-list\">\n<li>maandag 18u30 &#8211; 20u<\/li>\n\n\n\n<li>zaterdag 17u00 &#8211; 18u45<\/li>\n<\/ul>\n<\/div>\n<\/div>\n\n\n\n<div class=\"wp-block-columns is-layout-flex wp-container-core-columns-is-layout-28f84493 wp-block-columns-is-layout-flex\">\n<div class=\"wp-block-column is-layout-flow wp-block-column-is-layout-flow\">\n<hr class=\"wp-block-separator aligncenter has-css-opacity\"\/>\n\n\n\n<p class=\"has-text-align-left\">Contact via <br><a href=\"mailto:zwemschool.londerzeel@alzv.be\">zwemschool.londerzeel@alzv.be<\/a> of<\/p>\n\n\n\n<p class=\"has-text-align-left\"><a href=\"https:\/\/forms.gle\/KBQEq84d33DxUSoJ8\">Registreer via het webformulier.<\/a><\/p>\n<\/div>\n\n\n\n<div class=\"wp-block-column is-layout-flow wp-block-column-is-layout-flow\">\n<hr class=\"wp-block-separator has-alpha-channel-opacity\"\/>\n\n\n\n<p class=\"has-text-align-left\">Contact via <br><a href=\"mailto:zwemschool.meise@alzv.be\">zwemschool.meise@alzv.be<\/a> of<\/p>\n\n\n\n<p class=\"has-text-align-left\"><a href=\"https:\/\/forms.gle\/Dy9LedKSWuwHytAe8\" target=\"_blank\" rel=\"noreferrer noopener\">Registreer via het webformulier.<\/a><\/p>\n<\/div>\n<\/div>\n\n\n\n<div class=\"wp-block-columns is-layout-flex wp-container-core-columns-is-layout-28f84493 wp-block-columns-is-layout-flex\">\n<div class=\"wp-block-column is-layout-flow wp-block-column-is-layout-flow\">\n<hr class=\"wp-block-separator has-alpha-channel-opacity\"\/>\n\n\n\n<p><strong>Opgepast<\/strong>: inschrijven voor de zwemschool, afdeling Londerzeel, kan pas wanneer uw kind reeds 25m kan zwemmen. Zoniet kan uw kind eerst terecht bij de watergewenning, ingericht door Sportoase zelf, of bij de afdeling te Meise.<\/p>\n\n\n\n<p><a href=\"https:\/\/www.alzv.be\/index.php\/structuur-zwemschool-afdeling-londerzeel\/\" data-type=\"page\" data-id=\"246\">Klik hier voor meer details over de structuur van de afdeling te Londerzeel<\/a><\/p>\n<\/div>\n\n\n\n<div class=\"wp-block-column is-layout-flow wp-block-column-is-layout-flow\">\n<hr class=\"wp-block-separator has-alpha-channel-opacity\"\/>\n\n\n\n<p>Details van de trainingsuren:<\/p>\n\n\n\n<ul class=\"wp-block-list\">\n<li>Geel, Oranje, Rood en Blauw: Maandag 18u30-19u15 en Zaterdag 17u-17u45<\/li>\n\n\n\n<li>Grijs: Maandag 19u15-20u en Zaterdag 18u-18u45<\/li>\n\n\n\n<li>Groen, Wit: Maandag 19u15-20u en Zaterdag 18u-19u<\/li>\n\n\n\n<li>Sportief zwemmen: Maandag 20u-21u en Zaterdag 19u-20u<\/li>\n<\/ul>\n\n\n\n<p><a href=\"https:\/\/www.alzv.be\/index.php\/structuur-zwemschool-afdeling-meise\/\" data-type=\"page\" data-id=\"160\">Klik hier voor meer details over de structuur van de afdeling te Meise.<\/a><\/p>\n<\/div>\n<\/div>\n","protected":false},"excerpt":{"rendered":"<p>Kinderen starten vanaf de leeftijd van 5 jaar in de&nbsp;zwemschool. Ze starten met watergewenning en doorlopen 6 groepen tot ze de drie genormeerde zwemstijlen beheersen (borstcrawl, rugslag en schoolslag). Daarna kan het kind ervoor kiezen zijn traject verder te zetten in de&nbsp;competitieafdeling&nbsp;of als recreatieve zwemmer. De zwemschool heeft twee afdelingen: [&hellip;]<\/p>\n","protected":false},"author":1,"featured_media":0,"parent":0,"menu_order":0,"comment_status":"closed","ping_status":"closed","template":"","meta":{"footnotes":""},"class_list":["post-38","page","type-page","status-publish","hentry"],"jetpack_sharing_enabled":true,"_links":{"self":[{"href":"https:\/\/www.alzv.be\/index.php\/wp-json\/wp\/v2\/pages\/38","targetHints":{"allow":["GET"]}}],"collection":[{"href":"https:\/\/www.alzv.be\/index.php\/wp-json\/wp\/v2\/pages"}],"about":[{"href":"https:\/\/www.alzv.be\/index.php\/wp-json\/wp\/v2\/types\/page"}],"author":[{"embeddable":true,"href":"https:\/\/www.alzv.be\/index.php\/wp-json\/wp\/v2\/users\/1"}],"replies":[{"embeddable":true,"href":"https:\/\/www.alzv.be\/index.php\/wp-json\/wp\/v2\/comments?post=38"}],"version-history":[{"count":27,"href":"https:\/\/www.alzv.be\/index.php\/wp-json\/wp\/v2\/pages\/38\/revisions"}],"predecessor-version":[{"id":318,"href":"https:\/\/www.alzv.be\/index.php\/wp-json\/wp\/v2\/pages\/38\/revisions\/318"}],"wp:attachment":[{"href":"https:\/\/www.alzv.be\/index.php\/wp-json\/wp\/v2\/media?parent=38"}],"curies":[{"name":"wp","href":"https:\/\/api.w.org\/{rel}","templated":true}]}}